00
46530 (base 7) to base 6
131120
639 (base 10) to base 4
21333
Convert 9a19 (base 11) to base 4.
3032121
What is 388f (base 16) in base 12?
8467
-161a4 (base 11) to base 8
-54516
Convert -13232112 (base 4) to base 12.
-16386
-3436 (base 9) to base 12
-1580
What is -140b (base 14) in base 9?
-4762
14a6 (base 14) to base 7
13466
333312 (base 4) to base 8
7766
200020 (base 3) to base 14
272
What is -412 (base 11) in base 9?
-612
-7177 (base 8) to base 11
-2874
What is -10643 (base 8) in base 2?
-1000110100011
Convert 9b0 (base 12) to base 6.
10340
Convert 42301 (base 5) to base 4.
230022
Convert -1000222 (base 3) to base 5.
-11010
4414 (base 9) to base 10
3253
Convert 1255 (base 9) to base 6.
4205
What is 1022330 (base 4) in base 9?
6518
899 (base 10) to base 7
2423
Convert 17524 (base 12) to base 15.
9e3a
Convert -11031 (base 7) to base 3.
-10210110
-23101 (base 5) to base 12
-b57
What is 2b24 (base 15) in base 11?
6a58
Convert 1100010010 (base 2) to base 3.
1002010
-377 (base 14) to base 8
-1265
-8806 (base 10) to base 15
-2921
Convert -2055 (base 8) to base 4.
-100231
What is -4101 (base 5) in base 13?
-316
Convert -10216 (base 8) to base 7.
-15233
What is -13641 (base 9) in base 14?
-3543
What is -1100110010000100 (base 2) in base 7?
-305433
What is -153 (base 14) in base 4?
-10031
What is 1fb1 (base 16) in base 2?
1111110110001
-527 (base 16) to base 12
-91b
What is 187 (base 13) in base 12?
1b4
What is -122663 (base 8) in base 3?
-2011012002
8c3 (base 15) to base 11
1543
Convert -112422 (base 5) to base 13.
-1b44
Convert 1d7 (base 16) to base 9.
573
51061 (base 9) to base 16
8335
What is -3795 (base 11) in base 9?
-6703
What is -2122211 (base 3) in base 13?
-b62
What is -4056 (base 8) in base 12?
-1266
Convert 10404 (base 5) to base 8.
1331
22220 (base 4) to base 11
569
-1130 (base 12) to base 3
-2121200
-ac18 (base 13) to base 9
-35847
Convert -4ec3 (base 15) to base 2.
-100000111000001
Convert 1809 (base 11) to base 9.
3144
11100010011 (base 2) to base 7
5165
725 (base 10) to base 4
23111
What is -12013 (base 5) in base 6?
-4031
-1c0 (base 16) to base 3
-121121
Convert 5a9 (base 12) to base 16.
351
What is 5ca (base 13) in base 3?
1101110
-9567 (base 11) to base 7
-51621
What is 452 (base 12) in base 8?
1176
Convert 20112221 (base 3) to base 7.
16633
1011110 (base 2) to base 9
114
What is -2132 (base 6) in base 12?
-348
What is -6627 (base 9) in base 6?
-34341
Convert 1657 (base 16) to base 2.
1011001010111
What is 22201110 (base 3) in base 16?
18d5
What is 2598 (base 10) in base 6?
20010
What is 3560 (base 8) in base 14?
9a0
Convert -23332302 (base 4) to base 3.
-2111022120
What is 5340 (base 10) in base 8?
12334
-1354 (base 6) to base 13
-217
What is -2be5 (base 15) in base 16?
-24e0
Convert 1001020 (base 3) to base 9.
1036
What is -3022 (base 6) in base 2?
-1010010110
What is 4863 (base 10) in base 5?
123423
What is -2010002001 (base 3) in base 6?
-520344
-14525 (base 11) to base 5
-1124342
What is -6606 (base 7) in base 5?
-33413
Convert 25314 (base 9) to base 13.
7996
7438 (base 9) to base 8
12526
6a43 (base 11) to base 10
9243
-163 (base 16) to base 7
-1015
Convert 4101 (base 7) to base 11.
1083
Convert -114 (base 9) to base 16.
-5e
Convert 1834 (base 10) to base 6.
12254
Convert -3240 (base 6) to base 13.
-453
8858 (base 13) to base 5
1102001
What is 455 (base 10) in base 14?
247
133 (base 5) to base 16
2b
460 (base 9) to base 11
314
-122022 (base 3) to base 15
-212
-10253 (base 9) to base 13
-310b
What is -2f1 (base 16) in base 13?
-45c
Convert 31331312 (base 4) to base 11.
39a86
96d (base 15) to base 5
32003
13321111 (base 4) to base 9
48324
Convert 1151 (base 10) to base 2.
10001111111
13562 (base 8) to base 9
8208
What is -56 (base 13) in base 11?
-65
Convert 1544 (base 8) to base 3.
1012011
Convert -602 (base 11) to base 15.
-338
-69 (base 12) to base 7
-144
2271 (base 15) to base 6
53454
Convert -805 (base 15) to base 11.
-13a1
-111001001000 (base 2) to base 4
-321020
68b (base 12) to base 16
3cb
-133532 (base 6) to base 12
-72a8
What is -235 (base 10) in base 7?
-454
-339 (base 11) to base 5
-3110
746 (base 15) to base 5
23031
1256a (base 12) to base 11
17862
Convert -1110001101 (base 2) to base 15.
-409
Convert -22001001 (base 3) to base 15.
-1b0a
What is 430 (base 5) in base 2?
1110011
Convert 2332 (base 5) to base 11.
291
-15750 (base 9) to base 6
-122030
673 (base 9) to base 12
3a0
What is -1445 (base 6) in base 12?
-285
132 (base 9) to base 15
75
Convert -235445 (base 7) to base 3.
-2011122202
10430 (base 5) to base 15
345
336 (base 9) to base 11
231
Convert 1a38 (base 13) to base 11.
2a57
What is -1a2 (base 15) in base 7?
-1046
What is -796 (base 15) in base 14?
-8a8
-1410 (base 7) to base 6
-2310
What is -5826 (base 15) in base 14?
-6b67
-753 (base 13) to base 8
-2343
1740 (base 11) to base 7
6323
What is 1118 (base 11) in base 13?
892
Convert 30032 (base 4) to base 15.
372
What is 2626 (base 8) in base 16?
596
-20440 (base 5) to base 12
-962
Convert -12211 (base 6) to base 13.
-a90
-2033 (base 8) to base 6
-4511
3787 (base 11) to base 14
1b27
Convert -12125 (base 10) to base 5.
-342000
426 (base 14) to base 10
818
560 (base 15) to base 4
102333
Convert 632 (base 8) to base 10.
410
Convert -583 (base 9) to base 3.
-122210
Convert 300216 (base 7) to base 9.
76276
980 (base 13) to base 8
3131
What is 2006 (base 9) in base 10?
1464
-495e (base 15) to base 3
-210102022
Convert -8a3 (base 13) to base 12.
-a39
What is 402 (base 10) in base 16?
192
Convert -887d (base 14) to base 4.
-11301033
Convert -6543 (base 8) to base 3.
-11200221
7226 (base 9) to base 14
1cdb
Convert -1121202 (base 3) to base 6.
-5245
327 (base 12) to base 5
3323
Convert d93 (base 14) to base 3.
10200011
What is -1249 (base 10) in base 11?
-a36
Convert 102202220 (base 3) to base 10.
8583
-3041 (base 5) to base 14
-204
100001011001 (base 2) to base 14
ac9
What is 100010011011 (base 2) in base 3?
10000121
What is -ffaa (base 16) in base 14?
-19bd0
-4152 (base 14) to base 2
-10101111101100
389 (base 10) to base 7
1064
What is 136844 (base 9) in base 10?
83794
What is 105a (base 13) in base 8?
4340
-37629 (base 10) to base 6
-450113
-16ad (base 14) to base 16
-fe9
2210 (base 6) to base 12
366
What is 100111110 (base 2) in base 14?
18a
322133 (base 4) to base 12
21bb
13006 (base 15) to base 12
2b1b0
-5446 (base 9) to base 14
-1667
Convert -6046 (base 13) to base 14.
-4b7a
-c7 (base 13) to base 14
-b9
-b08 (base 14) to base 4
-201310
Convert -6752 (base 11) to base 6.
-105054
What is 589 (base 15) in base 14?
658
What is 2428 (base 14) in base 8?
14244
Convert 1484 (base 15) to base 9.
6027
Convert -417 (base 8) to base 11.
-227
What is 101302 (base 5) in base 8?
6377
What is 537a (base 14) in base 8?
34120
Convert -7274 (base 16) to base 2.
-111001001110100
What is -1297 (base 13) in base 7?
-10516
Convert 461 (base 10) to base 13.
296
Convert -31425 (base 6) to base 10.
-4265
Convert -2230 (base 6) to base 5.
-4042
54340 (base 6) to base 3
101020220
What is 1813 (base 11) in base 15?
a43
227 (base 8) to base 4
2113
What is -10304 (base 5) in base 7?
-2024
Convert -3223 (base 13) to base 9.
-10481
ac98 (base 13) to base 6
303403
632a (base 11) to base 6
102445
Convert -7363 (base 10) to base 2.
-1110011000011
Convert 1a32 (base 14) to base 16.
128c
What is -151 (base 16) in base 11?
-287
Convert c6 (base 16) to base 11.
170
Convert -430 (base 9) to base 15.
-186
Convert -2654 (base 8) to base 16.
-5ac
What is 1437 (base 8) in base 15?
384
What is 380 (base 10) in base 6?
1432
Convert -5013 (base 6) to base 12.
-769
-112121 (base 3) to base 14
-202
Convert -1441 (base 14) to base 6.
-24333
1210202 (base 3) to base 6
10032
123 (base 12) to base 5
1141
What is -19a5 (base 12) in base 11?
-2403
Convert 34a (base 11) to base 3.
120110
What is 971 (base 13) in base 3?
2012202
-2313 (base 10) to base 13
-108c
Convert 14895 (base 10) to base 5.
434040
What is 552 (base 10) in base 4?
20220
What is 4124304 (base 5) in base 2?
10000011101111110
Convert 709 (base 13) to base 10.
1192
What is 60c (base 15) in base 8?
2522
What is -117 (base 13) in base 11?
-162
Convert -7352 (base 11) to base 4.
-2120021
What is 1b89 (base 14) in base 3?
20212222
Convert 40134 (